63 a composite number?
True
Is 652003 a composite number?
True
Is 1066178 a prime number?
False
Is 17577429 prime?
False
Is 34045741 a composite number?
False
Is 12158474 prime?
False
Is 208643 a composite number?
True
Is 15207193 composite?
True
Is 53460109 a prime number?
True
Is 34812263 composite?
True
Is 39342301 a prime number?
False
Is 2243723 composite?
False
Is 119283829 a composite number?
True
Is 525287753 a composite number?
True
Is 1922891 prime?
True
Is 19129823 a prime number?
False
Is 3295801 a prime number?
False
Is 4404187 prime?
False
Is 16233989 prime?
False
Is 169668931 prime?
False
Is 20227357 a prime number?
True
Is 95903743 a composite number?
True
Is 6100579 prime?
True
Is 107874677 a composite number?
True
Is 1014206 composite?
True
Is 8747845 a composite number?
True
Is 90454997 a composite number?
True
Is 15432587 a composite number?
False
Is 213691013 a prime number?
False
Is 2329133 prime?
True
Is 180205433 prime?
True
Is 148137277 prime?
True
Is 2544323 a composite number?
True
Is 49779883 a composite number?
False
Is 329454469 a composite number?
False
Is 8062807 a prime number?
False
Is 459821669 a prime number?
True
Is 45604207 composite?
True
Is 203531 a prime number?
True
Is 33247 composite?
False
Is 84812417 prime?
True
Is 294311 a prime number?
True
Is 1476241 prime?
False
Is 6015687 composite?
True
Is 6460073 a composite number?
True
Is 796417 composite?
True
Is 285405173 a prime number?
True
Is 2642071 prime?
False
Is 632663 composite?
True
Is 5192995 prime?
False
Is 2018501 a composite number?
True
Is 68317 composite?
True
Is 2675983 a prime number?
True
Is 68766083 composite?
False
Is 447213419 prime?
True
Is 57036331 prime?
False
Is 158252933 composite?
True
Is 11451277 composite?
False
Is 4369439 a composite number?
False
Is 5635885 a prime number?
False
Is 2189231 a composite number?
True
Is 7562447 prime?
True
Is 38444437 a prime number?
True
Is 67869973 prime?
True
Is 6157873 prime?
False
Is 89707031 composite?
False
Is 31362239 a composite number?
False
Is 1986071 prime?
True
Is 1896497 composite?
True
Is 5762501 a prime number?
True
Is 22513735 composite?
True
Is 143391931 composite?
False
Is 1040653 composite?
True
Is 1139693 prime?
False
Is 12413983 a prime number?
True
Is 154024319 a prime number?
True
Is 26534815 a prime number?
False
Is 108921791 prime?
False
Is 128632783 composite?
True
Is 1700179 prime?
False
Is 784955417 composite?
True
Is 226673 composite?
True
Is 119984627 prime?
False
Is 6451481 a composite number?
False
Is 346105879 prime?
False
Is 567361303 prime?
False
Is 279530077 a prime number?
True
Is 8919619 a composite number?
True
Is 11832127 prime?
True
Is 97826683 prime?
True
Is 7662353 a prime number?
True
Is 14854229 composite?
True
Is 2576057 a prime number?
False
Is 4357307 composite?
False
Is 11662606 a composite number?
True
Is 2112239 prime?
True
Is 8353801 composite?
False
Is 281637841 prime?
False
Is 16187637 composite?
True
Is 17675839 a prime number?
True
Is 45230335 prime?
False
Is 39874691 a prime number?
True
Is 31225231 a composite number?
True
Is 436772507 a prime number?
False
Is 87884717 a composite number?
True
Is 34842823 composite?
False
Is 7454531 prime?
False
Is 267615983 a composite number?
False
Is 1138811 prime?
False
Is 51711251 a prime number?
True
Is 751551779 a prime number?
False
Is 72173377 prime?
True
Is 1002331 a composite number?
True
Is 12992851 prime?
True
Is 13852213 composite?
True
Is 12329797 a prime number?
True
Is 36137609 a prime number?
False
Is 352003 a composite number?
True
Is 198283773 composite?
True
Is 6672557 composite?
False
Is 2519807 prime?
False
Is 46075763 a composite number?
True
Is 25693309 a composite number?
False
Is 737873 a composite number?
False
Is 22737913 a composite number?
True
Is 11985061 a composite number?
True
Is 2091421 a prime number?
True
Is 721883 prime?
True
Is 10237477 a prime number?
False
Is 57779773 prime?
True
Is 2745827 a prime number?
False
Is 1217549 a composite number?
True
Is 80853023 composite?
False
Is 6197726 prime?
False
Is 139805417 a composite number?
False
Is 28909135 composite?
True
Is 7689827 a prime number?
True
Is 16553413 a prime number?
True
Is 3638281 prime?
False
Is 18561583 composite?
False
Is 2261143 prime?
True
Is 1265405 composite?
True
Is 31899473 prime?
False
Is 7698521 a prime number?
True
Is 7124693 a prime number?
False
Is 85196003 a prime number?
True
Is 3308507 composite?
False
Is 4208263 prime?
False
Is 57347611 composite?
False
Is 166415219 a prime number?
True
Is 20484083 a prime number?
True
Is 12216079 prime?
True
Is 57542027 a composite number?
False
Is 393023863 prime?
False
Is 12086747 a prime number?
True
Is 204676231 a prime number?
True
Is 13655423 a prime number?
False
Is 40848659 composite?
False
Is 6792473 a prime number?
True
Is 8198627 composite?
False
Is 60161 composite?
False
Is 214833187 a prime number?
False
Is 26462099 prime?
False
Is 4242943 a composite number?
True
Is 1012811 prime?
True
Is 6211657 a composite number?
False
Is 217034911 prime?
True
Is 189981041 prime?
True
Is 793693 a composite number?
True
Is 16100027 a composite number?
False
Is 3180403 composite?
True
Is 24596905 composite?
True
Is 321707233 prime?
False
Is 29351167 a composite number?
True
Is 39449461 a composite number?
False
Is 30519859 composite?
False
Is 382391 a prime number?
True
Is 341050429 composite?
False
Is 731761 prime?
True
Is 17319103 prime?
True
Is 21702049 a composite number?
False
Is 1257557 prime?
False
Is 44114891 a composite number?
True
Is 369096239 composite?
False
Is 44521457 a prime number?
True
Is 811445 a prime number?
False
Is 39987559 prime?
True
Is 228385681 composite?
True
Is 79014797 composite?
True
Is 1312767719 a prime number?
True
Is 3920809 a prime number?
False
Is 16646167 a composite number?
False
Is 19419259 prime?
True
Is 15843491 prime?
True
Is 6123487 composite?
False
Is 5399831 a composite number?
False
Is 291171509 a prime number?
True
Is 5664779 a prime number?
True
Is 2722309 composite?
False
Is 160704767 a composite number?
False
Is 4045253 a composite number?
False
Is 4974007 a prime number?
True
Is 15638873 prime?
False
Is 171211393 a prime number?
False
Is 32806238 prime?
False
Is 75292633 prime?
False
Is 28043011 prime?
True
Is 68757061 prime?
False
Is 117643 a composite number?
False
Is 19081057 composite?
False
Is 3735323 a prime number?
True
Is 59642027 a composite number?
False
Is 4281479 prime?
False
Is 28200821 prime?
False
Is 8480347 prime?
True
Is 102707 a composite number?
True
Is 48703801 composite?
False
Is 1175927 prime?
True
Is 20914907 a prime number?
False
Is 131011457 prime?
True
Is 107643826 prime?
False
Is 11474431 prime?
True
Is 7557541 a prime number?
True
Is 791471 composite?
True
Is 5803471 a composite number?
False
Is 87785681 a prime number?
False
Is 1261669 prime?
False
Is 5466907 a prime number?
True
Is 224794159 a prime number?
True
Is 124786421 a composite number?
False
Is 31439107 prime?
False
Is 1145373 prime?
False
Is 465467 a prime number?
False
Is 12767 composite?
True
Is 184474261 a composite number?
True
Is 13910417 a prime number?
True
Is 55188767 prime?
True
Is 14415131 a prime number?
True
Is 27333701 a prime number?
True
Is 35371265 a prime number?
False
Is 28825453 composite?
True
Is 644412167 a composite number?
True
Is 6159103 a composite number?
False
Is 22295527 prime?
False
Is 99981643 prime?
False
Is 6334162 prime?
False
Is 1279081 a composite number?
False
Is 676879 prime?
False
Is 93886937 a composite number?
True
Is 14142899 a composite number?
False
Is 11978539 a prime number?
True
Is 665351 a prime number?
True
Is 112827191 prime?
True
Is 201867 a composite number?
True
Is 42515819 prime?
True
Is 7147961 composite?
False
Is 235363 a prime number?
False
Is 416826833 a composite number?
False
Is 52546687 composite?
False
Is 15500251 a composite number?
True
Is 40256201 a prime number?
True
Is 451567 a composite number?
True
Is 6140609 composite?
True
Is 169183 prime?
False
Is 183391 a prime number?
False
Is 7048511 composite?
True
Is 88266629 prime?
False
Is 85846499 a prime number?
False
Is 41760503 a composite number?
True
Is 644747 composite?
False
Is 2420069 prim